21 is divided by 21?
19
What is the remainder when 2404 is divided by 798?
10
Calculate the remainder when 34208 is divided by 34169.
39
What is the remainder when 149969 is divided by 10711?
15
What is the remainder when 656206 is divided by 392?
390
Calculate the remainder when 3172 is divided by 182.
78
What is the remainder when 19733 is divided by 2463?
29
Calculate the remainder when 142197 is divided by 8.
5
Calculate the remainder when 10421 is divided by 2231.
1497
What is the remainder when 995 is divided by 247?
7
Calculate the remainder when 104355 is divided by 34.
9
Calculate the remainder when 119909 is divided by 74.
29
Calculate the remainder when 6774 is divided by 486.
456
Calculate the remainder when 4071 is divided by 1713.
645
Calculate the remainder when 446 is divided by 146.
8
What is the remainder when 636451 is divided by 106073?
13
What is the remainder when 199234 is divided by 199225?
9
What is the remainder when 8230123 is divided by 1604?
1603
What is the remainder when 153761 is divided by 376?
353
Calculate the remainder when 682854 is divided by 7.
4
What is the remainder when 537733 is divided by 39?
1
Calculate the remainder when 19985 is divided by 20.
5
Calculate the remainder when 452671 is divided by 117.
115
What is the remainder when 3772 is divided by 61?
51
What is the remainder when 60541 is divided by 2881?
40
Calculate the remainder when 12740 is divided by 196.
0
What is the remainder when 18942 is divided by 861?
0
What is the remainder when 14304 is divided by 806?
602
Calculate the remainder when 4557 is divided by 21.
0
What is the remainder when 22167 is divided by 17?
16
What is the remainder when 29961 is divided by 9981?
18
Calculate the remainder when 10138 is divided by 53.
15
What is the remainder when 4629 is divided by 159?
18
Calculate the remainder when 7581 is divided by 41.
37
What is the remainder when 55369 is divided by 508?
505
What is the remainder when 581 is divided by 242?
97
What is the remainder when 10342 is divided by 12?
10
Calculate the remainder when 10485 is divided by 7.
6
What is the remainder when 227335 is divided by 83?
81
Calculate the remainder when 2289 is divided by 2230.
59
What is the remainder when 4300 is divided by 2?
0
Calculate the remainder when 11514 is divided by 1639.
41
What is the remainder when 17169 is divided by 1903?
42
What is the remainder when 362029 is divided by 17?
14
What is the remainder when 3576 is divided by 683?
161
What is the remainder when 40925 is divided by 10211?
81
Calculate the remainder when 22774 is divided by 526.
156
What is the remainder when 31045 is divided by 15521?
3
What is the remainder when 15299 is divided by 2529?
125
What is the remainder when 266069 is divided by 147?
146
Calculate the remainder when 7250 is divided by 2404.
38
Calculate the remainder when 1644 is divided by 532.
48
Calculate the remainder when 9371 is divided by 9320.
51
What is the remainder when 1248071 is divided by 952?
951
Calculate the remainder when 247 is divided by 127.
120
Calculate the remainder when 2038679 is divided by 30.
29
Calculate the remainder when 17653 is divided by 128.
117
What is the remainder when 223140 is divided by 27889?
28
What is the remainder when 23762 is divided by 220?
2
Calculate the remainder when 571 is divided by 567.
4
What is the remainder when 61485 is divided by 10?
5
Calculate the remainder when 257978 is divided by 405.
398
Calculate the remainder when 354869 is divided by 50693.
18
What is the remainder when 41960 is divided by 46?
8
What is the remainder when 670 is divided by 394?
276
Calculate the remainder when 6068 is divided by 29.
7
What is the remainder when 17136 is divided by 42?
0
Calculate the remainder when 21290 is divided by 22.
16
What is the remainder when 292 is divided by 44?
28
What is the remainder when 94444 is divided by 66?
64
Calculate the remainder when 62657 is divided by 161.
28
Calculate the remainder when 106759 is divided by 21349.
14
What is the remainder when 9555 is divided by 53?
15
What is the remainder when 126707 is divided by 337?
332
Calculate the remainder when 262 is divided by 125.
12
What is the remainder when 471158 is divided by 39?
38
What is the remainder when 12743 is divided by 6363?
17
Calculate the remainder when 375488 is divided by 811.
806
What is the remainder when 2371 is divided by 597?
580
Calculate the remainder when 140912 is divided by 54.
26
What is the remainder when 14907 is divided by 355?
352
Calculate the remainder when 178726 is divided by 12.
10
Calculate the remainder when 1426 is divided by 1096.
330
What is the remainder when 686 is divided by 120?
86
Calculate the remainder when 4638 is divided by 19.
2
What is the remainder when 1782 is divided by 1765?
17
What is the remainder when 3309 is divided by 480?
429
Calculate the remainder when 2698 is divided by 2685.
13
What is the remainder when 96985 is divided by 31?
17
Calculate the remainder when 967941 is divided by 581.
576
Calculate the remainder when 16533 is divided by 88.
77
Calculate the remainder when 2181 is divided by 1092.
1089
What is the remainder when 739051 is divided by 2480?
11
Calculate the remainder when 39795 is divided by 13258.
21
Calculate the remainder when 13015 is divided by 100.
15
Calculate the remainder when 733 is divided by 589.
144
Calculate the remainder when 18590 is divided by 18570.
20
What is the remainder when 694 is divided by 530?
164
What is the remainder when 8031 is divided by 1142?
37
Calculate the remainder when 100492 is divided by 101.
98
What is the remainder when 182875 is divided by 30474?
31
Calculate the remainder when 8259 is divided by 4117.
25
Calculate the remainder when 328028 is divided by 144.
140
Calculate the remainder when 643 is divided by 65.
58
Calculate the remainder when 497944 is divided by 347.
346
What is the remainder when 442469 is divided by 49?
48
Calculate the remainder when 638 is divided by 150.
38
Calculate the remainder when 17431 is divided by 13.
11
What is the remainder when 14499 is divided by 259?
254
What is the remainder when 1354 is divided by 84?
10
What is the remainder when 915 is divided by 174?
45
What is the remainder when 41304 is divided by 162?
156
What is the remainder when 10465 is divided by 40?
25
What is the remainder when 36772 is divided by 31?
6
What is the remainder when 608 is divided by 295?
18
What is the remainder when 408626 is divided by 771?
767
What is the remainder when 8976 is divided by 456?
312
What is the remainder when 529356 is divided by 753?
750
What is the remainder when 7624 is divided by 3807?
10
Calculate the remainder when 3216 is divided by 235.
161
What is the remainder when 7137853 is divided by 111?
109
Calculate the remainder when 1519 is divided by 37.
2
What is the remainder when 16185329 is divided by 2234?
2233
What is the remainder when 435646 is divided by 62233?
15
Calculate the remainder when 12422 is divided by 7.
4
What is the remainder when 1831 is divided by 699?
433
What is the remainder when 1397199 is divided by 674?
671
What is the remainder when 99691 is divided by 56?
11
Calculate the remainder when 10659 is divided by 30.
9
What is the remainder when 3913 is divided by 207?
187
What is the remainder when 6069 is divided by 88?
85
What is the remainder when 28933 is divided by 957?
223
What is the remainder when 40669 is divided by 656?
653
What is the remainder when 26691 is divided by 307?
289
Calculate the remainder when 21621 is divided by 450.
21
What is the remainder when 119220 is divided by 8?
4
What is the remainder when 4888 is divided by 158?
148
Calculate the remainder when 10214 is divided by 5102.
10
Calculate the remainder when 269709 is divided by 8.
5
What is the remainder when 32973 is divided by 49?
45
Calculate the remainder when 60220 is divided by 106.
12
What is the remainder when 17601 is divided by 73?
8
What is the remainder when 4057 is divided by 586?
541
What is the remainder when 1735960 is divided by 206?
204
Calculate the remainder when 823027 is divided by 10.
7
Calculate the remainder when 4272541 is divided by 146.
143
Calculate the remainder when 71482 is divided by 222.
220
W